(r) - 6*k(r). Determine v(-1).
-6
Let y = 0 + 2. Let m(h) be the first derivative of -h**4/4 + 2*h**3/3 - 3*h**2/2 + h - 54. What is m(y)?
-5
Let p be 8*1/(6/9). Let o be p/(0 + (5 - 3)). Let f(u) = -3*u**2 - 10 + 2*u**2 + 7*u + 2. Determine f(o).
-2
Let a(b) be the third derivative of -b**6/120 - b**5/60 + b**4/24 + 2*b**2. Let u be a(0). Let f(n) = -n**2 + 10. Give f(u).
10
Let c(s) = -7*s**3 - 5*s**2 + 1. Let w(r) = -4*r**3 - 2*r**2 + 1. Let k(y) = -3*c(y) + 5*w(y). Give k(-5).
2
Suppose q - 1 = 0, -q + 3 = -3*d + 2. Let u(j) be the third derivative of 5/24*j**4 - 1/6*j**3 + d - 1/120*j**6 - 4*j**2 - 1/12*j**5 + 0*j. Give u(-6).
5
Let z(b) = 0*b + 9*b - b**2 + 34 - 38. Determine z(9).
-4
Let n(t) = -t**2 + 5*t - 2. Let y(u) = -u**3 - 9*u**2 + 11*u + 15. Let i be y(-10). Let b = i + -2. Calculate n(b).
4
Let l(h) be the first derivative of 2/3*h**3 + 5/12*h**4 + 1/20*h**5 + h**2 - 1 - h. Let j(q) be the first derivative of l(q). Determine j(-4).
2
Let m(d) be the first derivative of d**2/2 + 8*d + 4. Calculate m(-6).
2
Let q(t) = -t**3 - 42*t**2 - 38*t**2 + 81*t**2 + t - 8. Calculate q(0).
-8
Let a(r) be the first derivative of r**4/4 - 5*r**3/3 - 3*r**2 + 5*r + 11. Give a(6).
5
Let p(c) = 6*c**3 - 2*c**2 + 1. Let l(k) = k**2 - 4*k + 3. Let n be l(2). Give p(n).
-7
Let a be 9/(-6) - 3/2. Let r(o) be the third derivative of o**5/60 + 5*o**4/24 - 2*o**3/3 + o**2. What is r(a)?
-10
Let p(z) be the first derivative of z**4/4 - z**3/3 - z**2/2 + 6. Determine p(-1).
-1
Let m(s) = -s**3 - 6*s**2 - 6*s - 7. Let b(j) = -j**3 + 7*j**2 - 7*j + 8. Let t be b(6). Let v be (-1)/(t/6) + -2. Determine m(v).
-2
Let x(u) = -4*u - 2. Let y(h) = -21*h - 10. Let k(n) = -11*x(n) + 2*y(n). Let t(g) = 2*g + 8. Let w be t(-6). Calculate k(w).
-6
Let q(x) = 0 + 3 + 7*x - x**2 - 6*x - 2. Give q(-3).
-11
Let n(l) = -l**2 - 6*l - 6. Let c(m) = -m - 13. Let u be c(-7). What is n(u)?
-6
Let h(r) = r + 12. Let l be h(-9). Let y = 2 - l. Let j(w) = -w**2 - 2*w - 1. Determine j(y).
0
Let s(o) = -2*o + 4. Let k be s(1). Let z(v) be the third derivative of -7/24*v**4 + 0 - 5/6*v**3 - 1/60*v**5 + 0*v + 3*v**k. Determine z(-4).
7
Suppose 5*y - 17 = 3*f, -5 = -3*y + 5*f + 2. Suppose m = y*w - 1, -m + 5 = w + w. Let p(n) = -5*n - 2 + 3 - m - n**2. Calculate p(-3).
4
Let r(h) = h - 2. Let g(n) = -5*n + 10. Let v(a) = 2*g(a) + 11*r(a). Give v(0).
-2
Let r(k) = k**2 - 9*k + 1. Let y = -196 + 206. What is r(y)?
11
Let s(r) = 7*r + 14*r**3 - 11*r**2 - 7 - 4 - 12*r**3. Let q(x) = -x**3 + 6*x**2 - 4*x + 6. Let m(y) = 5*q(y) + 3*s(y). Calculate m(3).
0
Let y = -92 + 98. Let w(s) = -s**3 + 7*s**2 - 7*s + 6. Give w(y).
0
Let z(i) = 2*i + 2. Let d(w) be the third derivative of w**4/24 + w**3/2 + 2*w**2. Let s(p) = -3*d(p) + 4*z(p). Calculate s(-1).
-6
Let d(p) = p**2 - 8*p + 1. Suppose 3*q = 2*n - 6*n + 21, -q = -n + 14. Let r be d(n). Let x(c) = -2*c + 4 - r + 4*c. What is x(4)?
2
Let n be 2/8 - (-11)/4. Let d(m) = m**2 - 4*m + 4. Determine d(n).
1
Let b(x) = x + 6. Suppose -5*d = 40 - 10. Determine b(d).
0
Suppose 8*m = 3*m - 10. Let v(t) = t**3 + 3*t**2 - 2*t - 3. What is v(m)?
5
Let a(f) = -90*f + 175*f - 84*f - 1. Calculate a(-2).
-3
Let n(s) = s**3 + 10*s**2 + 10*s + 1. Suppose -11 = d - 2. What is n(d)?
-8
Let o(f) = 3*f + 4. Suppose -17 = 4*m - x, -m + 2*x - 10 = 3. Determine o(m).
-5
Let g(k) = 8*k + 45. Let t be g(-6). Let w(b) = -b**3 - 4*b**2 + b - 1. What is w(t)?
-13
Let y be ((-6)/(-9))/(2/(-3)). Let b be (-2 + (0 - y))*1. Let h(f) = 4*f**2 - f. Determine h(b).
5
Let f(w) = w**3 + 5*w**2 - 2*w - 7. Let b be f(-5). Suppose 2*p = p + b. Let m(n) = n + 1. Let g(r) = 2*r + 3. Let u(x) = p*m(x) - g(x). Calculate u(-4).
-4
Let p(j) be the third derivative of j**8/6720 + j**7/504 - j**6/720 - 7*j**5/120 - j**4/12 + 3*j**2. Let h(f) be the second derivative of p(f). Determine h(-5).
-2
Let t(k) = k**3 + 6*k**2 + 4. Let y(u) = 3*u + 46. Let c(n) = -n - 15. Let w(d) = -17*c(d) - 6*y(d). Let x be w(-15). Give t(x).
4
Let f(u) = 11*u - 18*u**3 + 1 + 4*u**2 - 8*u + 19*u**3. Suppose -6*x = -x - 2*s, -5*s - 19 = -3*x. Give f(x).
3
Let f be (-32)/5 - 4/(-10). Let s(m) be the second derivative of -m**5/20 - 7*m**4/12 - 3*m**3/2 - 2*m**2 - m. What is s(f)?
14
Let u(a) = 3*a - 1. Suppose -11 = 5*o - t - 1, 0 = 4*o - 4*t + 24. Calculate u(o).
-4
Suppose -2*i + 32 = -a, -i + a + a + 19 = 0. Suppose 7*y = 2*y - i. Let b(q) be the third derivative of -q**6/120 - q**5/30 + q**4/24 + 15*q**2. What is b(y)?
6
Let n = -1 - -2. Let k = 4 + -3. Let b(q) = 0 + 3*q**3 - k + 2*q**3 + 2*q. Determine b(n).
6
Let z(n) be the second derivative of -n**5/20 - n**4/12 + n**3/6 - 2*n**2 + 24*n. Determine z(-3).
11
Let l(t) = -t**2 - 5*t - 2. Let c be l(-4). Let y(x) = 0 + 2 + 0*x**2 - c*x**2 + 3*x**2. Determine y(0).
2
Suppose s - 7 + 3 = 0. Let m(b) = 2*b + 3. Calculate m(s).
11
Let l = 18 - 12. Let u(w) = 0 + 7 - l + 3*w. Suppose -3*d - 2*d = 3*n + 25, 5*n + 29 = -2*d. Give u(d).
-5
Let z(o) = o**3 - 4*o**2 - 5*o + 7. Let n(r) = -r. Let h be n(-5). Suppose 10 = h*m - 3*m. Calculate z(m).
7
Let r(q) = -q**2 + q. Let p be r(-1). Let z = p - -4. Let l(c) = 0*c - z*c + 5*c - c + 4. Give l(-4).
-4
Suppose -7 + 27 = 5*m. Let c(d) = d**3 - 3*d**2 - 3*d + 4. What is c(m)?
8
Suppose -3 = -h - 0. Let t(a) be the second derivative of 0 - 2*a - 5/3*a**h + 0*a**2. What is t(1)?
-10
Let y(j) = -10*j - 1. Let t(i) = i**2 + 9*i - 3. Let x be t(-9). Let o be (1 - x)/(1 + 3). What is y(o)?
-11
Let r(b) = 3*b**2 + 7*b + 7. Let y(u) = u**2 + u + 1. Let v(k) = r(k) - 2*y(k). Let s = 2 - 6. Calculate v(s).
1
Let c = 6 + -1. Let s = -4 + 10. Let j(w) = -3 + 0 + s*w - 7*w**2 + 6*w**2. Calculate j(c).
2
Let b(v) = 6*v**3 + 2*v**2 + 2*v + 5. Let t(j) = j**3 + j**2 + 1. Let k(g) = b(g) - 5*t(g). Suppose 0 = 4*r - u - 9, -4*r + 4*u + 12 = -0*u. Determine k(r).
0
Suppose 0 = -i + 1. Suppose t + i - 3 = 0. Let c(n) = -3 - n + 2 + n**2 - n**3 + 3*n**t. Calculate c(3).
5
Let n(g) be the first derivative of 2*g**3/3 - g + 4. What is n(-1)?
1
Suppose h + h - 8 = 0. Suppose 3*g = -4*n - n - 3, -h*n = 0. Let f(l) = -l + 1 + l - 2*l. Calculate f(g).
3
Let h = 1 + -2. Let j(g) = -64*g**3 + 60*g**3 - 2*g**2 - 1 - 2*g + g**2. Give j(h).
4
Let k be 2*(-3 - (-15)/6). Let m(w) be the first derivative of 0*w + 1 - 1/3*w**3 - 1/2*w**2. Give m(k).
0
Suppose 4*p + 2 = 2*p. Suppose 2*q = 3*n + 10, 0 = -3*q - n - 4 - 3. Let d be p + -2 + (q - 1). Let g(j) = -2*j - 4. What is g(d)?
6
Let t(d) be the third derivative of d**6/180 - d**5/60 + d**4/24 + d**3/3 - d**2. Let i(n) be the first derivative of t(n). Give i(2).
5
Let z(f) = -3*f**3 + 6*f**2 + 7*f - 4. Let g(u) = u - 8 + 7 - 4*u**2 + 5*u**2 - u**3. Let a(j) = -4*g(j) + z(j). Let v be 4/14 - (-48)/(-21). What is a(v)?
-6
Let w(d) = -d**3 - d + 3. Suppose 0 = q + 1 - 0. Let p be 1 + (-2)/1 - q. What is w(p)?
3
Let l(d) = -d + 6. Let b(k) = -k + 6. Let t(v) = -6*b(v) + 5*l(v). Determine t(6).
0
Let b be 1 - 60/52 - (-111)/(-39). Let v(x) = x**2 + 3*x + 4. Give v(b).
4
Let v(s) be the first derivative of -s**5/60 - 5*s**4/24 - s**2 + 1. Let g(o) be the second derivative of v(o). Give g(-5).
0
Let h(u) be the first derivative of u**3/3 - 7*u**2/2 + u - 8. Determine h(8).
9
Let s(q) = -q**3 + 3*q**2 - 2*q + 4. Suppose 3*y = 5*n - 26, -1 = -3*n - 2*y + 7. Let c be n/1 + 1*-1. Calculate s(c).
-2
Let i(s) = -s - 14. Let p(u) = 1. Let a(t) = i(t) + 5*p(t). Give a(7).
-16
Suppose -4*w + 4*r + 32 = 0, 6*w + 1 = 3*w - 2*r. Let g(f) = -f - 2. What is g(w)?
-5
Let y(u) = 4*u - 10. Let t(a) = -a. Let v(x) = 3*t(x) + y(x). Determine v(6).
-4
Suppose 0 = 3*y + 5*n - 6, -4*n - 1 - 5 = -3*y. Suppose 0*l + 2*g = y*l + 18, -5*l + 2*g = 33. Let h = -1 - l. Let v(r) = 2*r - 6. What is v(h)?
2
Suppose -v = -4*v + 12. Suppose -2*m + 10 + v = 2*w, -3*w = -5*m + 11. Suppose m*f = -f + 5. Let n(y) = -4*y**2 - y. Give n(f).
-5
Let a(q) = -q**3 + 2*q**2 + 7*q - 5. Let l be 24/6*1/1. Give a(l).
-9
Let q(p) be the second derivative of p**5/20 - p**4/12 - 5*p**3/6 + p**2 - 14*p. Determine q(3).
5
Let z(q) = 2*q**3 + 2*q**2 - q + 2. Suppose 0 = f + 3, 3*g - 14 = -2*f + 4. Let w(d) = d - 3*d + d - g. Let s be w(-6). Determine z(s).
-4
Let r(z) be the second derivative of z**6/360 - z**4/12 - 7*z**3/6 - 2*z. Let g(j) be the second derivativ